{"id":92,"date":"2023-05-16T22:07:55","date_gmt":"2023-05-16T20:07:55","guid":{"rendered":"https:\/\/user15.gesem.es\/blog\/?page_id=92"},"modified":"2023-05-23T10:31:38","modified_gmt":"2023-05-23T08:31:38","slug":"el-municipi","status":"publish","type":"page","link":"https:\/\/user15.gesem.es\/blog\/el-municipi\/","title":{"rendered":"El municipi"},"content":{"rendered":"\n<p class=\"wp-block-paragraph\">Riuverd est\u00e0 situat al nord oest de la comarca d\u2019Osona, al Llu\u00e7an\u00e8s, i limita amb el Ripoll\u00e8s pel municipi de les Llosses i al Bergued\u00e0 per Borred\u00e0. T\u00e9 una extensi\u00f3 de 13,82 km<sup>2<\/sup>\u00a0i est\u00e0 a 855 metres d\u2019altitud, \u00e9s muntany\u00f3s i s\u2019hi troben les cap\u00e7aleres de les rieres Llu\u00e7anesa, Gavarresa i de Sora. El 2021 la poblaci\u00f3 va ser de 800 habitants.<\/p>\n\n\n\n<p class=\"wp-block-paragraph\">El clima continental condiciona uns boscos formats majorit\u00e0riament per pi roig, roure, alzines, faig&#8230; amb un sotabosc format principalment per boix, ginebr\u00f3 i ar\u00e7. Hi trobem tamb\u00e9 gran varietat de plantes curatives i arom\u00e0tiques (farigola, esp\u00edgol, roman\u00ed&#8230;) i una \u00e0mplia varietat de bolets comestibles<\/p>\n\n\n\n<figure class=\"wp-block-image size-full is-resized\"><img loading=\"lazy\" decoding=\"async\" src=\"https:\/\/user15.gesem.es\/blog\/wp-content\/uploads\/2023\/05\/riuverd.jpg\" alt=\"\" class=\"wp-image-226\" width=\"839\" height=\"558\"\/><\/figure>\n","protected":false},"excerpt":{"rendered":"<p>Riuverd est\u00e0 situat al nord oest de la comarca d\u2019Osona, al Llu\u00e7an\u00e8s, i limita amb el Ripoll\u00e8s pel municipi de&hellip;<\/p>\n","protected":false},"author":1,"featured_media":0,"parent":0,"menu_order":0,"comment_status":"closed","ping_status":"closed","template":"","meta":{"footnotes":""},"class_list":["post-92","page","type-page","status-publish","hentry"],"_links":{"self":[{"href":"https:\/\/user15.gesem.es\/blog\/wp-json\/wp\/v2\/pages\/92","targetHints":{"allow":["GET"]}}],"collection":[{"href":"https:\/\/user15.gesem.es\/blog\/wp-json\/wp\/v2\/pages"}],"about":[{"href":"https:\/\/user15.gesem.es\/blog\/wp-json\/wp\/v2\/types\/page"}],"author":[{"embeddable":true,"href":"https:\/\/user15.gesem.es\/blog\/wp-json\/wp\/v2\/users\/1"}],"replies":[{"embeddable":true,"href":"https:\/\/user15.gesem.es\/blog\/wp-json\/wp\/v2\/comments?post=92"}],"version-history":[{"count":2,"href":"https:\/\/user15.gesem.es\/blog\/wp-json\/wp\/v2\/pages\/92\/revisions"}],"predecessor-version":[{"id":227,"href":"https:\/\/user15.gesem.es\/blog\/wp-json\/wp\/v2\/pages\/92\/revisions\/227"}],"wp:attachment":[{"href":"https:\/\/user15.gesem.es\/blog\/wp-json\/wp\/v2\/media?parent=92"}],"curies":[{"name":"wp","href":"https:\/\/api.w.org\/{rel}","templated":true}]}}

<p class="wp-block-paragraph">Riuverd està situat al nord oest de la comarca d’Osona, al Lluçanès, i limita amb el Ripollès pel municipi de les Llosses i al Berguedà per Borredà. Té una extensió de 13,82 km<sup>2</sup> i està a 855 metres d’altitud, és muntanyós i s’hi troben les capçaleres de les rieres Lluçanesa, Gavarresa i de Sora. El 2021 la població va ser de 800 habitants.</p>



<p class="wp-block-paragraph">El clima continental condiciona uns boscos formats majoritàriament per pi roig, roure, alzines, faig&#8230; amb un sotabosc format principalment per boix, ginebró i arç. Hi trobem també gran varietat de plantes curatives i aromàtiques (farigola, espígol, romaní&#8230;) i una àmplia varietat de bolets comestibles</p>



<figure class="wp-block-image size-full is-resized"><img loading="lazy" decoding="async" src="https://user15.gesem.es/blog/wp-content/uploads/2023/05/riuverd.jpg" alt="" class="wp-image-226" width="839" height="558"/></figure>

<p>Riuverd està situat al nord oest de la comarca d’Osona, al Lluçanès, i limita amb el Ripollès pel municipi de&hellip;</p>
